 are the prime factors of 2028689?
13, 113, 1381
What are the prime factors of 352892?
2, 88223
List the prime factors of 109132.
2, 27283
What are the prime factors of 512431?
17, 43, 701
What are the prime factors of 2348628?
2, 3, 19, 10301
What are the prime factors of 4534094?
2, 2267047
What are the prime factors of 1958854?
2, 37, 103, 257
What are the prime factors of 6665554?
2, 7, 476111
List the prime factors of 7067312.
2, 7, 89, 709
What are the prime factors of 2240237?
181, 12377
List the prime factors of 17881753.
983, 18191
List the prime factors of 865981.
619, 1399
List the prime factors of 7370978.
2, 3685489
What are the prime factors of 152984?
2, 13, 1471
List the prime factors of 191812.
2, 79, 607
What are the prime factors of 5119246?
2, 11, 19, 37, 331
What are the prime factors of 3007476?
2, 3, 27847
What are the prime factors of 205358?
2, 102679
List the prime factors of 919376.
2, 37, 1553
List the prime factors of 133669.
133669
What are the prime factors of 397153?
397153
List the prime factors of 3606719.
3606719
What are the prime factors of 7012675?
5, 280507
What are the prime factors of 748089?
3, 103, 269
List the prime factors of 3451049.
7, 109, 4523
List the prime factors of 1386809.
17, 29, 97
What are the prime factors of 26270014?
2, 113, 116239
What are the prime factors of 1012918?
2, 506459
List the prime factors of 8963048.
2, 479, 2339
What are the prime factors of 7518494?
2, 61, 61627
What are the prime factors of 1038767?
433, 2399
What are the prime factors of 737520?
2, 3, 5, 7, 439
What are the prime factors of 167975?
5, 6719
List the prime factors of 1587609.
3, 176401
What are the prime factors of 5646273?
3, 97, 19403
List the prime factors of 26855267.
26855267
List the prime factors of 12162.
2, 3, 2027
List the prime factors of 146884.
2, 36721
What are the prime factors of 6251575?
5, 11, 127, 179
What are the prime factors of 9107163?
3, 13, 77839
What are the prime factors of 1827999?
3, 101, 2011
List the prime factors of 445283.
445283
List the prime factors of 152915.
5, 7, 17, 257
List the prime factors of 7680762.
2, 3, 426709
List the prime factors of 267156.
2, 3, 41, 181
List the prime factors of 1505349.
3, 167261
List the prime factors of 13074166.
2, 7, 19, 23, 2137
What are the prime factors of 7938250?
2, 5, 113, 281
List the prime factors of 3166081.
823, 3847
What are the prime factors of 5458389?
3, 337, 5399
What are the prime factors of 996759?
3, 19, 29, 67
What are the prime factors of 16878573?
3, 23, 67, 1217
List the prime factors of 1441056.
2, 3, 17, 883
What are the prime factors of 1602426?
2, 3, 7, 38153
List the prime factors of 4481188.
2, 19, 58963
What are the prime factors of 370642?
2, 47, 3943
What are the prime factors of 12025084?
2, 1123, 2677
What are the prime factors of 653563?
653563
List the prime factors of 595589.
37, 16097
List the prime factors of 14824408.
2, 17, 19, 5737
List the prime factors of 9411844.
2, 13, 47, 3851
List the prime factors of 3784464.
2, 3, 41, 641
What are the prime factors of 3489386?
2, 17, 6037
What are the prime factors of 570974?
2, 67, 4261
What are the prime factors of 38754?
2, 3, 2153
What are the prime factors of 203233?
203233
List the prime factors of 16380795.
3, 5, 29, 37657
What are the prime factors of 4614509?
29, 41, 3881
List the prime factors of 5824535.
5, 421, 2767
List the prime factors of 1875995.
5, 11, 23, 1483
What are the prime factors of 12347097?
3, 7, 397, 1481
What are the prime factors of 938463?
3, 31, 10091
What are the prime factors of 175374?
2, 3, 9743
List the prime factors of 386657.
29, 67, 199
What are the prime factors of 317831?
317831
What are the prime factors of 4038858?
2, 3, 173, 1297
List the prime factors of 855932.
2, 7, 11, 397
List the prime factors of 678915.
3, 5, 47, 107
What are the prime factors of 10463609?
13, 804893
List the prime factors of 30763.
30763
List the prime factors of 2325067.
2325067
List the prime factors of 604766.
2, 29, 10427
What are the prime factors of 12877446?
2, 3, 313, 6857
List the prime factors of 1888083.
3, 69929
List the prime factors of 24721464.
2, 3, 1030061
List the prime factors of 7223160.
2, 3, 5, 7, 8599
List the prime factors of 170365.
5, 13, 2621
List the prime factors of 3674207.
3674207
What are the prime factors of 7941214?
2, 47, 84481
List the prime factors of 29379522.
2, 3, 59, 149, 557
List the prime factors of 36930.
2, 3, 5, 1231
What are the prime factors of 1184023?
19, 101, 617
List the prime factors of 1099333.
41, 26813
What are the prime factors of 4538609?
17, 266977
What are the prime factors of 384728?
2, 48091
List the prime factors of 171545.
5, 11, 3119
What are the prime factors of 1954881?
3, 17, 4259
What are the prime factors of 3480568?
2, 7, 13, 683
List the prime factors of 21050401.
21050401
What are the prime factors of 37275?
3, 5, 7, 71
List the prime factors of 144100.
2, 5, 11, 131
What are the prime factors of 11966232?
2, 3, 17, 139, 211
What are the prime factors of 1420356?
2, 3, 7, 37, 457
List the prime factors of 741284.
2, 47, 3943
What are the prime factors of 4489151?
113, 39727
List the prime factors of 167725.
5, 6709
List the prime factors of 33247994.
2, 13, 1278769
What are the prime factors of 13690458?
2, 3, 84509
List the prime factors of 2523766.
2, 7, 71, 2539
List the prime factors of 32435.
5, 13, 499
List the prime factors of 886540.
2, 5, 19, 2333
What are the prime factors of 10596228?
2, 3, 103, 8573
What are the prime factors of 1215911?
43, 28277
List the prime factors of 113394.
2, 3, 18899
List the prime factors of 8786353.
37, 73, 3253
List the prime factors of 32123075.
5, 83, 113, 137
List the prime factors of 5471807.
11, 17, 29, 1009
List the prime factors of 78028.
2, 19507
What are the prime factors of 1677543?
3, 7, 17, 37, 127
What are the prime factors of 5349851?
13, 411527
List the prime factors of 2318677.
2318677
List the prime factors of 29188884.
2, 3, 41, 1447
List the prime factors of 735715.
5, 269, 547
What are the prime factors of 409380?
2, 3, 5, 6823
What are the prime factors of 17543593?
19, 923347
List the prime factors of 1208768.
2, 11, 17, 101
List the prime factors of 2590857.
3, 287873
List the prime factors of 265651.
421, 631
List the prime factors of 9571940.
2, 5, 7, 68371
What are the prime factors of 12590033?
12590033
List the prime factors of 5015888.
2, 67, 4679
What are the prime factors of 376333?
19, 29, 683
What are the prime factors of 10265287?
10265287
List the prime factors of 416370.
2, 3, 5, 13879
List the prime factors of 3204429.
3, 23, 46441
What are the prime factors of 12387583?
13, 71, 13421
List the prime factors of 8221771.
41, 67, 73
What are the prime factors of 2989750?
2, 5, 11959
List the prime factors of 444007.
444007
What are the prime factors of 8370643?
23, 363941
What are the prime factors of 7052657?
53, 133069
What are the prime factors of 6550289?
6550289
List the prime factors of 839011.
269, 3119
What are the prime factors of 39020?
2, 5, 1951
List the prime factors of 213415.
5, 42683
What are the prime factors of 684678?
2, 3, 114113
List the prime factors of 137379.
3, 11, 23, 181
List the prime factors of 405963.
3, 43, 1049
What are the prime factors of 29514410?
2, 5, 19, 163, 953
What are the prime factors of 298918?
2, 149459
List the prime factors of 6878991.
3, 7, 327571
What are the prime factors of 156746?
2, 181, 433
List the prime factors of 63799.
63799
What are the prime factors of 46984?
2, 7, 839
List the prime factors of 1101051.
3, 7, 17477
What are the prime factors of 193126?
2, 61, 1583
What are the prime factors of 1451019?
3, 67, 7219
List the prime factors of 835707.
3, 47, 5927
What are the prime factors of 203828?
2, 50957
What are the prime factors of 2926467?
3, 325163
List the prime factors of 1136839.
11, 103349
List the prime factors of 755429.
17, 37, 1201
List the prime factors of 73036.
2, 19, 31
What are the prime factors of 1305702?
2, 3, 17, 251
What are the prime factors of 209786?
2, 29, 3617
List the prime factors of 1377409.
11, 125219
What are the prime factors of 125519?
31, 4049
What are the prime factors of 1411641?
3, 7